 f be d(-4). Suppose b + 49 = 5*b + 5*x, -54 = -f*b + x. Is b composite?
False
Let f = 29 - -154. Is f composite?
True
Let q = 42 - -90. Let c = 295 - q. Is c prime?
True
Let b be (-25)/(-2 - (-6)/2). Let t be b/(-4) + (-1)/4. Suppose -t = -4*o + 6. Is o a composite number?
False
Let h be ((-6)/(-3) + -44)*-1. Suppose -2*f = -h - 32. Is f a prime number?
True
Suppose -2 = 2*b - 10, 2*b + 9147 = 5*d. Is d prime?
True
Let g(x) be the first derivative of x**5/60 + 3*x**4/8 + 5*x**3/3 + x**2/2 - 2. Let p(s) be the second derivative of g(s). Is p(-8) composite?
False
Is 2/(-8) + 10388/16 a prime number?
False
Let w = 547 + -388. Is w a composite number?
True
Let i(p) = -p**2 + 38*p - 4. Is i(21) a prime number?
True
Suppose -12*l - 1561 = -13*l. Is l a composite number?
True
Let l be (2 + 3)*(1 + 2). Let k = 36 - l. Is k prime?
False
Suppose -198 = -2*d + 46. Suppose -3*v + 5*k + 154 + 32 = 0, -4*k = -2*v + d. Is v a composite number?
False
Let v = -4041 + 5690. Is v prime?
False
Let d be (2/(-4))/((-2)/4). Let p be (0/(-2))/(d + -2). Suppose 6*f - f - 30 = p. Is f composite?
True
Let j = 70 + 246. Suppose -j = 3*z - 4*z. Suppose -4*g + z = -0*g. Is g a composite number?
False
Suppose 5*v + g - 588 = 1599, 4*g + 429 = v. Is v composite?
True
Let a = 1201 + -714. Is a a composite number?
False
Suppose -b - 3*l = -2172, 3*l + 10908 = 5*b + 2*l. Is b prime?
False
Suppose -7*c + 2*c + 4*b = -22, 3*c = -2*b. Let m = c - -1. Suppose -4*x + 65 = 5*j, 3 = j + m*x - 10. Is j a prime number?
True
Suppose 3*m = w - 0*w - 9, -3*w - 2*m - 17 = 0. Let t(y) = -6*y**2 + 4*y - 7. Let v(z) = 1. Let g(i) = -t(i) - 6*v(i). Is g(w) a composite number?
False
Let b be ((-65)/(-2) - 2)*-6. Let i = b + 302. Is i a prime number?
False
Let i = 8 + -5. Suppose 0 = -i*v - v + 124. Is v prime?
True
Suppose -8*f + 65 = -3*f. Let u = 2 + f. Is u prime?
False
Suppose 4*p + 4*s - 12472 = 0, -4*p + 6274 = -2*s - 6192. Is p a prime number?
False
Let i(l) = -l**2 + 7*l - 3. Suppose -4*c = -32 + 8. Let h be i(c). Suppose -h*o - 89 = -2*z, -o = 2*z - 10 - 59. Is z a composite number?
False
Let v(w) = 15*w**2 - w - 1. Let a be v(-1). Suppose 4*x - a = -x. Suppose x*u + 43 = 334. Is u prime?
True
Suppose -516 + 22 = -j - 3*a, 4*a = -4*j + 1952. Is j composite?
True
Suppose -1551 = -5*x + 2*x. Is x composite?
True
Suppose -a - 5*g + 470 = 0, -4*a + 158 = 5*g - 1647. Is a a prime number?
False
Let j be (-13)/(-2) - 30/(-20). Let r(l) = 204*l - 1. Let p be r(1). Suppose 2*f = -j, 0*b + 3*b - p = -f. Is b a prime number?
False
Let w = 178 - 69. Is w a composite number?
False
Suppose j + 0 - 1 = 0. Let m be (-19)/((j + 0)/(-1)). Is (5/5)/(1/m) prime?
True
Suppose -5*g + 2836 = -1269. Is g composite?
False
Let z = 12 - 9. Suppose 5*u - 365 = -7*q + 2*q, u - 227 = -z*q. Is q prime?
False
Suppose 2*k + 0*k = 850. Let w = -295 + k. Suppose 4*h - 76 = -2*z, -4*z - 4*h = -7*h - w. Is z prime?
False
Suppose -5135 = -9*d + 4*d. Is d prime?
False
Suppose -5*o = 3*l - 940, -3*l = 3*o + l - 575. Is o composite?
True
Suppose 0*c + 3*c = 21. Is (1 - c)/(12/(-18)) composite?
True
Let s(x) = -2*x**3 + x**2 + 2*x + 1. Let y be s(-1). Suppose -2*j = -94 + y. Is j prime?
False
Is (2634/(-8))/(2/(-8)) a prime number?
False
Suppose t - 4*f = 137, 2*t = -4*f - 0*f + 214. Suppose 3*v - 612 = -t. Suppose r - v = -2*r. Is r a composite number?
True
Let v(k) = 3*k**2 + 6*k - 6. Let m(s) = -7*s**2 - 13*s + 13. Let x(p) = -2*m(p) - 5*v(p). Is x(-4) composite?
True
Suppose -t + y - 9 = 50, -5*y + 181 = -3*t. Let l = 96 + t. Is l composite?
True
Suppose 0 = 3*z + y - 997, z - 434 + 87 = -4*y. Is z a prime number?
True
Let i = -717 + 1088. Is i a composite number?
True
Suppose 3*v - 2*v = 1. Suppose 0 = 3*p - v + 58. Let f = 7 - p. Is f a prime number?
False
Suppose -25436 - 6448 = -12*a. Is a prime?
True
Suppose 5*b = 4*g + 141, 167 = -5*g + 4*b - 7*b. Suppose 110 - 685 = -5*m. Let v = m - g. Is v prime?
True
Suppose -896 = 3*o + 5*i, -5*i - 948 - 532 = 5*o. Let j = o - -578. Suppose -3*y - 162 = -3*k, -5*k + j = -0*y - y. Is k a prime number?
False
Is 1287 + 0 + (-3 - -6) - -1 prime?
True
Suppose -2*a - 2*a + 8 = 0. Let x be a*1 - (-5 - -4). Suppose -2*r - 235 = -x*r. Is r prime?
False
Let s = -1 + -5. Is s/(-4)*(-334)/(-3) composite?
False
Let b = 49 + 273. Is 2/(-3 + b/106) prime?
True
Suppose -2*n = -3*n + 6. Let b be ((-8)/n)/((-1)/3). Suppose -2*k = -b, -2*v + 3*k + 66 = k. Is v a composite number?
True
Suppose -25 = -0*v + v - 4*j, 2*v = 4*j - 38. Is 212/6 - v/(-39) a composite number?
True
Let m = -67 + 67. Let w(x) = x**2 - 5*x + 4. Let f be w(5). Suppose m = -6*p + f*p + 74. Is p a composite number?
False
Let d(l) = l**3 + 29*l**2 + 14*l + 15. Is d(-19) prime?
True
Let i(d) = -10*d**3 + 3*d + 3. Let p(a) = -a + 9. Let t be p(4). Suppose -1 = -j + y, t*y + 0 = -15. Is i(j) a composite number?
True
Suppose 0 = 3*g - 2*b - 1344 + 281, -2*b = 3*g - 1055. Is g composite?
False
Let o be (10/4)/((-3)/6). Let q = o - -11. Is q prime?
False
Let x = -54 - -12. Let h = 37 - x. Is h composite?
False
Suppose 4*t - 4*i - 2964 = 0, 0 = 3*t + 6*i - 3*i - 2247. Is t a prime number?
False
Let h be 128/(-6) + 12/36. Is -3*(-6)/(-9) - h prime?
True
Is ((-4)/10)/((-4)/1945)*2 a prime number?
True
Suppose 2*o + 5*y - 14 - 6 = 0, 5*o - 5*y - 15 = 0. Suppose -o*q + 287 = -1038. Is q a composite number?
True
Let g be (14/(-4))/((-3)/6). Let f = 9 - g. Suppose 395 = 3*t + f*t. Is t a composite number?
False
Suppose -v = -p - 3*v - 138, -4*p = v + 545. Let i = 741 + p. Suppose 6*l - i = l. Is l a composite number?
True
Suppose -5*w - 115 = -10*w. Is w a composite number?
False
Let f = -127 - -332. Is f a prime number?
False
Let x = 550 - 218. Suppose -2*c + x = -6*c. Let h = -50 - c. Is h a composite number?
True
Let y = 4 + -6. Let a be 3/y*(-1 - 7). Suppose x + x = a. Is x prime?
False
Suppose 3*s = 7*s - 16. Is -1*131/s*-4 a prime number?
True
Let p(u) be the third derivative of u**5/20 + u**4/8 + u**3/6 - 5*u**2. Is p(5) a prime number?
False
Let s(q) = 3*q - 20. Let a be s(8). Suppose 5*n = y + 973, 7*n = 3*n + a*y + 788. Is n a prime number?
False
Suppose 0 = -3*n + 3*r + 561, 4*n + 2*r = -2*r + 748. Is n prime?
False
Suppose -2*l + 18 = l. Is (-273)/(-9) + l/9 prime?
True
Let m be 0*(-2)/(1 + -3). Suppose -3*q - 2*q + 445 = m. Is q a composite number?
False
Let c(p) = 5*p**3 - 3*p**2 + 8*p - 5. Let o(v) = 2*v**3 - 2*v**2 + 4*v - 2. Let q(u) = 3*c(u) - 7*o(u). Is q(3) composite?
False
Is 0 + 3 + -4 - -80 a composite number?
False
Let u(g) = 8*g**2 + 6*g + 5. Let w(n) = -7*n**2 - 5*n - 4. Let z(h) = 6*u(h) + 7*w(h). Let m(j) be the first derivative of z(j). Is m(-1) a composite number?
False
Let p(q) = q**2 + 5*q. Let u be p(-3). Let z(f) = f + 9. Let s be z(u). Suppose 45 = -s*x + 156. Is x composite?
False
Let u(d) = -188*d - 21. Is u(-11) prime?
False
Suppose -2*p = -0*p - 16. Let x(j) = -j**3 + 8*j**2 + 10*j + 5. Is x(p) prime?
False
Suppose -k - 4*a + 13 = 0, 0 = 2*k - 2*a + 6*a - 10. Let h = 102 - k. Suppose -6*b + b = -h. Is b composite?
True
Suppose k - 4*k + 5139 = 0. Is k composite?
True
Let c(r) = -r**3 + 2*r**2 + 4*r. Let u be c(3). Suppose -u*w = 3*o + 738, 2 + 3 = 5*w. Let q = 48 - o. Is q prime?
False
Let p(a) = a**3 + 4*a**2 - 5*a - 2. Let g be p(-5). Let y = 124 + -69. Let h = y + g. Is h composite?
False
Let y = -32 - -147. Is y composite?
True
Suppose 0 - 10 = -2*s. Suppose -2*u - 924 = -s*u. Suppose 2*m + 2*m - u = 0. Is m a composite number?
True
Let l(n) = -n**2 + n + 179. Is l(0) a prime number?
True
Let x = 153 - 32. Is x a composite number?
True
Suppose -v - 3*v = 24. Let x = 8 - v. Is x prime?
False
Let d = 201 - -372. Is d a prime number?
False
Suppose -4*i + i - 3*g = 6, -i = -2*g + 14. Let p be (0 + -2)*i/6. Suppose p*h = 5*o - 0*o + 271, 2*o + 667 = 5*h. Is h composite?
True
Suppose 814 = 4*o - 2*o. Is o a composite number?
True
Suppose 64245 = 22*u - 7*u. Is u a prime number?
True
Is (-1)/((15128/5042 + -3)/(-1)) prime?
True
Suppose 0 = -3*v + v + 402. Let o = v + -70. Is o composite?
False
Let n(c) = -c + 9. Suppose 19 - 7 = 2*f. Let m be n(f). Suppose -4*t + 0*t + 12 = 0, -102 = -m*k + t. Is k prime?
False
Let o(z) = -26*z - 11. Is o(-5) composite?
True
Let s = -14 - -7. Let f(x) = -8*x - 10. Is 